 549. What is the greatest common divisor of 208 and w?
26
Let p = -3 - -5. Let y(i) = -14*i**2 + 46*i**2 - 2 + 1 + p. Let h be y(-1). What is the greatest common factor of 11 and h?
11
Suppose 0 = 202*g - 187*g - 585. Calculate the greatest common divisor of g and 9.
3
Let o(s) = s**3 - 6*s**2 + 9*s - 1. Let i be o(4). Suppose 2*d - 18 = -0*d. Suppose 0 = -d*y + 5*y + 12. Calculate the greatest common factor of y and i.
3
Let a be 0 + -2 + 14 + -1 + 206. What is the highest common divisor of a and 31?
31
Suppose 32*c = 37*c - 300. Let o = -44 + c. Suppose 0 = -3*d - 3 + 6, -5*r + 3*d = -17. What is the greatest common divisor of o and r?
4
Let z(s) = 33*s + 22. Let r be z(1). Calculate the highest common divisor of 99 and r.
11
Let o(c) = c**2 + 7*c - 12. Suppose f = 5*d - 4*d + 2, d + 5*f - 22 = 0. Suppose -2*x - d*x = 40. Let b be o(x). What is the highest common divisor of b and 27?
9
Let o(a) be the second derivative of a**4/6 + a**3/2 + 7*a**2/2 - 55*a. Let b be (-12 - 3)*1/(-3). Let q be o(b). What is the highest common divisor of 9 and q?
9
Suppose -c + 3 = 2. Let b be (c - (-25)/4) + (-2)/8. Calculate the highest common factor of 1 and b.
1
Let h be (-200)/30*(-4 + -2). What is the greatest common factor of h and 100?
20
Let g = -1170 - -1197. Calculate the highest common divisor of 33 and g.
3
Suppose -11*o - 9*o + 200 = 0. What is the highest common divisor of 34 and o?
2
Suppose 248 = 4*f - 2*t, -f - 132 = -3*f - 3*t. Let y = 60 + 12. Suppose 0 = -4*k + 12, -y = -2*c + 4*k - 0*k. What is the highest common factor of c and f?
21
Let d be (-20)/(-1) - (-9 + 3). Let o be (-10)/25 - 197/(-5). Calculate the highest common divisor of d and o.
13
Let k = -2574 - -2584. Let m = 0 - -3. Suppose m*s - 45 = -0*s. Calculate the greatest common divisor of s and k.
5
Let u(v) = 3*v**2 + 15*v - 2. Let p(s) = 4*s**2 + 14*s - 3. Let z(m) = -4*p(m) + 5*u(m). Let j be z(18). Calculate the greatest common divisor of 80 and j.
20
Let z = -3 - -2. Let g be (-48)/z*(-2)/4. Let c be (g/10)/((-3)/15). Calculate the highest common factor of c and 18.
6
Let l = 29 - -31. Suppose 2*f = 8*f - l. Calculate the greatest common factor of 170 and f.
10
Suppose 3*b - 1 = 2*b, 1619 = 3*f - b. Calculate the highest common divisor of f and 20.
20
Let m = -133 - -196. Calculate the highest common divisor of 54 and m.
9
Suppose -162 = -5*n + 3*a, -2*n - 4*a + 55 = 11. Let t = -4070 - -4090. Calculate the greatest common divisor of n and t.
10
Let h(t) = t + 6. Let w = -5 + 7. Suppose -2*f = -w*d + 14, 5 = -5*f - 0. Let l be h(d). Calculate the highest common factor of 30 and l.
6
Let t be 15/(-5) - 5/(-1). Suppose -t*r = -0*r + 5*u - 38, 10 = 5*u. What is the greatest common factor of 112 and r?
14
Let r(y) = -6*y**3 - 5*y**2 - 3*y + 4. Let n be r(-3). Let x = 75 - n. Let d be 1*(-4 - (-4 + x)). Calculate the highest common divisor of d and 5.
5
Suppose 12*k - 3*k - 81 = 0. Suppose -85 = -4*x + 167. Calculate the greatest common factor of k and x.
9
Suppose 11 - 1 = 5*y. Suppose y*h - 16 = 4. Let g = h - -7. Calculate the greatest common divisor of g and 136.
17
Let q be ((-52)/2)/((-6)/15). Let r be 4/(-26) - (-790)/q. Calculate the greatest common divisor of r and 3.
3
Let i be (0 - 95/10)*-10. What is the greatest common divisor of i and 5?
5
Let k = 642 - 641. Calculate the greatest common factor of k and 11.
1
Let o = -34 - -34. Suppose 3*i - 2*a - 235 - 4 = o, -3*i - 5*a = -211. Calculate the highest common divisor of 7 and i.
7
Let t be (-20 + 0)*(-27)/15. Calculate the highest common factor of t and 81.
9
Suppose 0 = -n + 5. Suppose -f + 2*f = 5*h + 35, 0 = -5*f - n*h + 235. Let m be 10/f + 75/27. What is the highest common divisor of m and 3?
3
Suppose -5*j = 5*o - 315, 144 = 2*o - 3*j - j. Let y(h) = -56*h**2 - 1009*h - 12. Let k be y(-18). What is the highest common divisor of o and k?
6
Let a(c) = c**3 + c**2 - 5*c. Let p be a(2). What is the highest common factor of 3 and p?
1
Suppose -4*k + 6 = 18. Let b be 0 + 6/k - -4. Suppose -b*j - 2*j + 128 = 0. What is the highest common divisor of 4 and j?
4
Let f(h) = -2*h**2 + 48*h + 80. Let y be f(24). What is the highest common factor of y and 64?
16
Suppose -2*r + 51 = -5*j, 2*r - 30 = 2*j + 24. Calculate the highest common factor of 266 and r.
14
Let t = -248 - -356. Calculate the highest common factor of 6 and t.
6
Suppose -2*f = -2*w + 3*f + 30, -f = 4*w - 82. Let x be 8/12 - w/(-6). Suppose -t + 24 = 4*a, a - 45 = -2*t - 4. What is the highest common divisor of t and x?
4
Suppose -8 = -d - 3. Suppose -47 = -4*w + d*r, r + 22 = 5*w - 42. What is the greatest common factor of w and 39?
13
Let b be ((-1)/2)/(1/(-84)). Let y be ((-125)/(-15) + (-18)/2)*-63. What is the greatest common divisor of b and y?
42
Let d(w) = 6*w**2 + 17*w + 7. Let c be d(-7). Let t = 14 + 12. What is the greatest common divisor of c and t?
26
Let b = 70 - 23. Calculate the highest common divisor of 1269 and b.
47
Let f = 153 - -215. What is the greatest common divisor of 46 and f?
46
Let m(c) = c**3 + 4*c**2 - 2*c - 8. Let n be m(-3). What is the highest common factor of n and 7?
7
Let b be -14 - 2*(-2)/1. Let f be 4180/50 - 4/b. Calculate the highest common factor of f and 21.
21
Let u(r) = -13*r + 180. Let q be u(6). What is the highest common divisor of q and 136?
34
Let d be 1 - -31 - (-10 + (11 - 8)). Calculate the highest common factor of 143 and d.
13
Let h = 7 - 6. Let o be ((-2 - -5) + -10)/h. Let p(x) = -x. Let d be p(o). Calculate the highest common factor of 21 and d.
7
Let o be (-122)/(-6) + (-1)/3. Let q be -3 + 9 - -1 - 2. Suppose -q*h = -3*y - 10, y - 4*y = 3*h - 30. Calculate the highest common divisor of h and o.
5
Let o = -80 - -102. What is the highest common divisor of 99 and o?
11
Let c(v) = 5 + 10 + 3 + 2 + 23*v. Let f be c(5). Calculate the greatest common factor of f and 45.
45
Suppose y - 290 = -191. What is the greatest common divisor of y and 363?
33
Suppose 0*j - 4*j = -5*l + 31, 2*l - 12 = 2*j. Suppose l*r = 5*r + 6. Suppose 6*f - r*f - 210 = 0. Calculate the highest common factor of 10 and f.
10
Let u(i) = -3*i**2 + 144*i + 30. Let y be u(48). Let a(f) = 3*f**2 + 2*f + 2. Let x be a(-2). Calculate the highest common divisor of y and x.
10
Let r = 62 - 47. Let b(u) = -u**2 + 14*u + 36. Let s be b(r). What is the greatest common divisor of s and 63?
21
Let w(u) = -3*u**3 - 5*u**2 + 2*u - 6. Let r be w(-4). What is the highest common factor of r and 637?
49
Suppose -14*x - 315 = -1995. What is the highest common divisor of x and 84?
12
Let q(y) = -12*y + 7. Let s be q(1). Let a be 3*3*(2 + -6 - s). Let v(l) = -32*l + 3. Let c be v(-3). What is the greatest common factor of a and c?
9
Suppose 5*s = s + 144. Let j = 3 + -13. Let h(t) = -t**3 - 10*t**2 - 2*t - 8. Let p be h(j). Calculate the greatest common divisor of p and s.
12
Suppose -27*z + 2205 = -12*z. Calculate the greatest common factor of z and 42.
21
Suppose -8 = 3*u - 38. Let j = 245 - 134. Suppose -s = 4, -5*k + 27 + j = 3*s. What is the highest common factor of u and k?
10
Let b(a) = 26*a**2 - 82*a - 81. Let l be b(-1). Calculate the highest common divisor of 423 and l.
9
Let g(a) = a**3 - 3*a**2 - 5*a + 7. Let v be g(4). Suppose -12*p = -v*p - 54. What is the greatest common factor of 1 and p?
1
Suppose 78*n = 5*i + 80*n - 10238, -4080 = -2*i + 3*n. What is the highest common factor of 132 and i?
66
Let u = -1 + 3. Suppose 3*b + 19 = -0*i + i, -4*i - u*b = -6. What is the highest common divisor of i and 4?
4
Suppose 25*w + 6 - 456 = 0. What is the greatest common factor of 198 and w?
18
Suppose -4*x + 38 = 30. Let g = 31 - 46. Let h = x - g. What is the greatest common factor of h and 68?
17
Suppose -2*j + 3*a + 156 = 0, 5*j - 2*a = 269 + 99. Calculate the greatest common divisor of 16 and j.
8
Suppose -5*v = -247 + 77. Let k be (34/6 - 0)*(-9)/(-3). Calculate the greatest common divisor of v and k.
17
Let u(l) = l**3 + 3*l**2 - 2*l - 3. Let p be u(-3). Let i = p - -6. What is the highest common factor of 72 and i?
9
Suppose -10*d = -7*d - 75. Let a(p) = -9*p - 7. Let g be a(-6). Suppose -d = -2*l + g. Calculate the highest common divisor of l and 24.
12
Let d(u) = u**2 + 25*u - 38. Let l be d(-27). Calculate the highest common factor of l 